(-1). Let u = r + 102. Suppose -432 + 527 = -113*o + 2694. Calculate the remainder when u is divided by o.
14
Let i = 32 - -82. Suppose 0 = 7*w - 3*w - 5*t - 147, i = 3*w - 5*t. Let c = -2173 + 2335. What is the remainder when c is divided by w?
30
Let a = 282 + 35. Let q = -147 + a. Let j(o) = 4*o**2 + 53*o + 1. Calculate the remainder when q is divided by j(-14).
41
Let u be (80/(-15))/(4/(-6)). Let n = -15 + 15. Suppose 4*f - 4 - u = n. Calculate the remainder when 8 is divided by f.
2
Let p(c) = 7*c**2 - c - 1. Let l(g) = 919*g - 2747. What is the remainder when p(-2) is divided by l(3)?
9
Suppose q - 18 = -13. Suppose q*r = 5*a + 70, 6*r - 4*r - 25 = 5*a. What is the remainder when 312 is divided by r?
12
Let k = 886 + -533. Let d = k + -295. What is the remainder when 197 is divided by d?
23
Suppose 5*h + 14 = 5*l + 4, 46 = 5*l + 4*h. Let x(b) = -15*b - 5. Let y be x(-5). Suppose -2*p = 3*p - y. What is the remainder when p is divided by l?
2
Let v = 301 + -152. Suppose 5*u - 3*r = v, 3*r = 2*u - 7*u + 161. What is the remainder when 369 is divided by u?
28
Let l(u) = u**2 + 51. Suppose 0 = -4*i + 4*b + 92, 4*i = 2*b + 44 + 42. Suppose i*h = 15*h + 90. Calculate the remainder when l(0) is divided by h.
15
Let i(x) = 15*x + 5 - 49 - 21 - 21 - 99. Calculate the remainder when i(26) is divided by 55.
40
Let v(r) = r**3 + 16*r**2 + 20*r + 13. Suppose -85 = 6*m + 5. Let s be v(m). Let l = -56 - s. Calculate the remainder when 63 is divided by l.
3
Let d(h) = 14*h**3 + 17*h**3 + h**2 - 33*h**3 + h - 2. Let y be d(0). Let s(r) = 4*r**2 + 3*r - 2. What is the remainder when 13 is divided by s(y)?
5
Let x = 550 - 500. Calculate the remainder when 150 is divided by x.
0
Let q be (3 - (-20)/(-12))*-3. Let w(x) = -2*x**3 + 2*x**2 + 4*x + 24. Calculate the remainder when q*((-122)/4 + 1) is divided by w(0).
22
Let t(f) = -f**2 - 89*f + 6. What is the remainder when t(-18) is divided by 39?
36
Let y(g) = -20*g**2 + 15*g + 3. Let b be y(-6). Let c = b + 1355. What is the remainder when c is divided by 29?
26
Let v(h) = 2*h**2 - 35*h + 221. What is the remainder when 219 is divided by v(17)?
15
Suppose 0 = -3*l + 25 - 28, y - 156 = 3*l. Calculate the remainder when 2446 is divided by y.
151
Let p = -106 - -110. Suppose 5*w + 5*s = w + 8, s - 24 = -p*w. What is the remainder when 7 is divided by w?
0
Suppose 4*j - 30 = j. Let p = 458 - 454. Suppose 5*c - 76 = -86, 2*u - 14 = p*c. Calculate the remainder when j is divided by u.
1
Let f be 9505/13 - 8/52. Suppose 2*d = -659 + f. Calculate the remainder when d is divided by 12.
0
Let g be (3 - -1)/((-2)/3). Let d(x) = -24*x - 2. What is the remainder when d(g) is divided by (-64)/10*1335/(-178)?
46
Suppose -29*a = -103193 - 4049. Calculate the remainder when a is divided by 25.
23
Suppose -4*h - 2*j = -1183 + 45, 2*h + 5*j - 565 = 0. Suppose -h*p - 98 = -287*p. What is the remainder when p is divided by 17?
15
Let i = 967 + -967. What is the remainder when i - -10 - (-42)/(-14) is divided by ((-12)/(-15))/(2/10)?
3
Let i = 184 + -183. Let t(r) = 29*r**3 + r**2 + 2*r - 4. Suppose -2*a - 2*d + 4 = d, -12 = -4*a - 4*d. Calculate the remainder when t(i) is divided by a.
3
Let n be (5 - 70/6)*15/10. Calculate the remainder when 40 is divided by (-12)/8 - 155/n.
12
Let j = -199 + 203. Suppose -j*a + 37 + 123 = 0. Calculate the remainder when a is divided by 12.
4
Suppose -6*n = -2241 + 813. Let b = n + -222. Calculate the remainder when 91 is divided by b.
11
Calculate the remainder when (-112)/(-1064) + (-1711165)/(-665) + 2/(-7) is divided by 256.
13
Let i = -9331 + 9356. Let w = -4 + 6. Calculate the remainder when i is divided by (0 - w) + 2 + 16.
9
Suppose -5*i = q - i - 313, -i = -2*q + 644. Suppose -5*w - 2*a = -52, 2*w + 6*a - 12 = 3*a. What is the remainder when q is divided by w?
9
Let h(s) = 377*s - 494. Let f(x) = 13*x - 17. Let b(k) = 117*f(k) - 4*h(k). Calculate the remainder when b(4) is divided by 6.
3
Calculate the remainder when 305 is divided by (-4 - -10) + -165*(-16)/24.
73
Suppose -16 + 0 = -4*k - 4*d, 2 = 3*k - 2*d. Suppose -b + 3*q - 7 = -2*q, 5*b + k*q = 46. Calculate the remainder when 21 is divided by b.
5
Let a(i) = -275*i + 2542. What is the remainder when 14470 is divided by a(9)?
65
Let o(s) be the second derivative of 3*s**5/20 + s**4/3 + 4*s**3/3 - 13*s**2/2 + 78*s. What is the remainder when o(4) is divided by 69?
68
Let t(h) = -h + 18. Suppose 0 = 4*v - 4*i + 140, 26 = 5*i + 6. Let l = -25 - v. What is the remainder when 107 is divided by t(l)?
11
Suppose -3*z - p = -41, z - 2*p = 6*z - 68. Let w be 4 - (-3 - 63*-6). Let q = 414 + w. Calculate the remainder when q is divided by z.
1
Calculate the remainder when (6 + -15 - (-95)/10)/(1/806) is divided by 12.
7
What is the remainder when 84 + 210/15 - 5 is divided by 32?
29
Calculate the remainder when 266 is divided by 242526/12175 + (-2)/(-25).
6
Let s(r) = 6*r + 21. Let u(a) = 29*a + 103. Let y(z) = -22*s(z) + 4*u(z). Calculate the remainder when y(-9) is divided by 14.
10
Let s = 26134 + -25955. What is the remainder when 555 is divided by s?
18
Suppose a - 1032*c + 1035*c = 12, 2*c = -4*a + 58. Suppose 2*d + m + 0*m = 136, -3*d + 5*m = -191. What is the remainder when d is divided by a?
7
Let d = 1079 - 1072. What is the remainder when 941 is divided by d?
3
Let w(r) = 37*r + 616. Calculate the remainder when 838 is divided by w(-15).
45
Suppose -2*v - 15 = -17, -5*j - v + 5621 = 0. Calculate the remainder when j is divided by 342.
98
Let k = 38 + 10. Suppose -41582 = -3*u - 41540. Calculate the remainder when k is divided by u.
6
Let z(v) = v**2 + 111. Let n be 105*(2 + 0 + 2/(-6)). Suppose 3*b - 53 = -l, -3*b = -4*l - l + n. Calculate the remainder when z(0) is divided by l.
35
Let r(n) = 0 + 12*n**2 - 2 - 2*n - 3. Suppose -14*m + 66 = 24. What is the remainder when r(m) is divided by 28?
13
Suppose -3*r + 5*r = -0*r + 1362. What is the remainder when r is divided by 63?
51
Suppose 2*u + 9 - 13 = 0. Let x be (u + 4)*(-3)/(-6) - 3. Suppose 0 = 4*b + g - 8, x = 3*b + 2*g + 3 - 14. What is the remainder when 1 is divided by b?
0
Suppose 0 = 2*b + 22. Let n = 1 + b. Let a = n - -28. Calculate the remainder when 47 is divided by a.
11
Let a(w) = w**3 + 25*w**2 + 90*w - 16. What is the remainder when 485 is divided by a(-5)?
9
Suppose 2*n + 7*n + 124 = 1285. Suppose -5*k + 58 + 112 = 0. Calculate the remainder when n is divided by k.
27
Suppose 5*v - 5*s = 1155, 3*v - 1233 = 5*s - 558. Calculate the remainder when v is divided by 6.
0
Suppose f + 4*l = 120, -4*f - 25*l + 390 = -24*l. What is the remainder when 563 is divided by f?
83
Suppose 4*q = q - 3. Suppose -113*w = 132*w - 8330. What is the remainder when w is divided by q/(2/42*-1)?
13
Let u = 9386 - 8268. Calculate the remainder when u is divided by 75.
68
Suppose 6*i = -i - 231. Let u be i/((6/2)/(-3)). What is the remainder when 33 is divided by (u + -3)/6 + 4?
6
Suppose g - 5166 = -5*n, -1004*n + 1006*n = -2. Calculate the remainder when g is divided by 4.
3
Let b(r) = 3 + 5*r**3 - 3*r**3 - 3*r**2 - 3*r**3 + 5*r - 12. Let f be 3*(-2 - 28/(-12)) - 6. What is the remainder when 63 is divided by b(f)?
15
Suppose -9293 + 6073 = -10*b. Calculate the remainder when b is divided by 16.
2
Let q(s) = 29*s - 1. Let j(a) = 74*a - 1323. What is the remainder when j(19) is divided by q(1)?
27
Suppose 4*p - 6 = -j, -4*j + 8*j + 2*p + 18 = 0. Let m = j - -94. Calculate the remainder when m is divided by 31.
26
Let s(b) = -b + 218. Calculate the remainder when 457 is divided by s(-9).
3
Let r = -137 + 254. Suppose 0 = b + 1, -4*p + 632*b - 637*b = -67. What is the remainder when r is divided by p?
9
Let j(c) = -4*c**3 + 114*c**2 + 899*c - 19. Calculate the remainder when j(-8) is divided by 9.
0
Let g = -145 - -223. Let s(q) = q**3 - 5*q**2 - 13*q + 20. Let z be 2/6 + 100/15. Calculate the remainder when g is divided by s(z).
24
Let x = 182 - 179. Let i(u) = 7*u**2 + 2*u + 7. Calculate the remainder when i(x) is divided by 26.
24
Let j = -3934 - -4621. What is the remainder when j is divided by 27?
12
Let j = 102 - 100. Suppose -2 = -j*p, 3*n - 2*p - 101 = -4*p. What is the remainder when 63 is divided by n?
30
Suppose -146*p = -2701 - 803. Calculate the remainder when 69 is divi